{"id":2615,"date":"2020-01-24T09:44:16","date_gmt":"2020-01-24T08:44:16","guid":{"rendered":"https:\/\/www.trois-a.org\/?page_id=2615"},"modified":"2023-02-15T23:54:49","modified_gmt":"2023-02-15T22:54:49","slug":"confirmation-de-paiement","status":"publish","type":"page","link":"https:\/\/www.trois-a.org\/index.php\/confirmation-de-paiement\/","title":{"rendered":"Confirmation de paiement"},"content":{"rendered":"<p>Votre paiement par carte bancaire a bien \u00e9t\u00e9 enregistr\u00e9.<\/p>\n<p>3A vous remercie pour votre soutien.<\/p>\n<p>&nbsp;<\/p>\n<a id=\"button_id-7247\" href=\"http:\/\/trois-a.org\" class=\"button medium primary no_woo_button\"><span>Retour \u00e0 l&rsquo;accueil<\/span><\/a>\n","protected":false},"excerpt":{"rendered":"<p>Votre paiement par carte bancaire a bien \u00e9t\u00e9 enregistr\u00e9. 3A vous remercie pour votre soutien. &nbsp;<\/p>\n","protected":false},"author":386,"featured_media":0,"parent":0,"menu_order":0,"comment_status":"closed","ping_status":"closed","template":"","meta":{"footnotes":""},"class_list":["post-2615","page","type-page","status-publish","hentry"],"_links":{"self":[{"href":"https:\/\/www.trois-a.org\/index.php\/wp-json\/wp\/v2\/pages\/2615","targetHints":{"allow":["GET"]}}],"collection":[{"href":"https:\/\/www.trois-a.org\/index.php\/wp-json\/wp\/v2\/pages"}],"about":[{"href":"https:\/\/www.trois-a.org\/index.php\/wp-json\/wp\/v2\/types\/page"}],"author":[{"embeddable":true,"href":"https:\/\/www.trois-a.org\/index.php\/wp-json\/wp\/v2\/users\/386"}],"replies":[{"embeddable":true,"href":"https:\/\/www.trois-a.org\/index.php\/wp-json\/wp\/v2\/comments?post=2615"}],"version-history":[{"count":4,"href":"https:\/\/www.trois-a.org\/index.php\/wp-json\/wp\/v2\/pages\/2615\/revisions"}],"predecessor-version":[{"id":4947,"href":"https:\/\/www.trois-a.org\/index.php\/wp-json\/wp\/v2\/pages\/2615\/revisions\/4947"}],"wp:attachment":[{"href":"https:\/\/www.trois-a.org\/index.php\/wp-json\/wp\/v2\/media?parent=2615"}],"curies":[{"name":"wp","href":"https:\/\/api.w.org\/{rel}","templated":true}]}}